--
-- Host: localhost    Database: muniloncochedigi_siac
-- ------------------------------------------------------


--
-- Table structure for table `failed_jobs`
--

CREATE TABLE `failed_jobs` (
  `id` bigint unsigned NOT NULL AUTO_INCREMENT,
  `uuid` varchar(255) COLLATE utf8mb4_unicode_ci NOT NULL,
  `connection` text COLLATE utf8mb4_unicode_ci NOT NULL,
  `queue` text COLLATE utf8mb4_unicode_ci NOT NULL,
  `payload` longtext COLLATE utf8mb4_unicode_ci NOT NULL,
  `exception` longtext COLLATE utf8mb4_unicode_ci NOT NULL,
  `failed_at` timestamp NOT NULL DEFAULT CURRENT_TIMESTAMP,
  PRIMARY KEY (`id`),
  UNIQUE KEY `failed_jobs_uuid_unique` (`uuid`)
) ENGINE=InnoDB DEFAULT CHARSET=utf8mb4 COLLATE=utf8mb4_unicode_ci;

--
-- Dumping data for table `failed_jobs`
--


--
-- Table structure for table `gestiones`
--

CREATE TABLE `gestiones` (
  `id` bigint unsigned NOT NULL AUTO_INCREMENT,
  `solicitud_id` bigint unsigned NOT NULL,
  `fecha_gestion` date NOT NULL,
  `accion_realizada` varchar(255) COLLATE utf8mb4_unicode_ci NOT NULL,
  `descripcion_gestion` text COLLATE utf8mb4_unicode_ci,
  `usuario_gestion` varchar(255) COLLATE utf8mb4_unicode_ci DEFAULT NULL,
  `created_at` timestamp NULL DEFAULT NULL,
  `updated_at` timestamp NULL DEFAULT NULL,
  PRIMARY KEY (`id`),
  KEY `gestiones_solicitud_id_foreign` (`solicitud_id`),
  CONSTRAINT `gestiones_solicitud_id_foreign` FOREIGN KEY (`solicitud_id`) REFERENCES `solicitudes` (`id`) ON DELETE CASCADE
) ENGINE=InnoDB AUTO_INCREMENT=3 DEFAULT CHARSET=utf8mb4 COLLATE=utf8mb4_unicode_ci;

--
-- Dumping data for table `gestiones`
--

INSERT INTO `gestiones` VALUES (1,2,'2025-07-09','dfgh dfgh dfgh dfgh','dfgh dfgh dfgh dfgh',NULL,'2025-07-10 00:15:55','2025-07-10 00:15:55'),(2,4,'2025-07-15','aca va el texto del cuadro nueva acción','aca va el texto del cuadro nueva acción',NULL,'2025-07-15 23:15:50','2025-07-15 23:15:50');

--
-- Table structure for table `job_batches`
--

CREATE TABLE `job_batches` (
  `id` varchar(255) COLLATE utf8mb4_unicode_ci NOT NULL,
  `name` varchar(255) COLLATE utf8mb4_unicode_ci NOT NULL,
  `total_jobs` int NOT NULL,
  `pending_jobs` int NOT NULL,
  `failed_jobs` int NOT NULL,
  `failed_job_ids` longtext COLLATE utf8mb4_unicode_ci NOT NULL,
  `options` mediumtext COLLATE utf8mb4_unicode_ci,
  `cancelled_at` int DEFAULT NULL,
  `created_at` int NOT NULL,
  `finished_at` int DEFAULT NULL,
  PRIMARY KEY (`id`)
) ENGINE=InnoDB DEFAULT CHARSET=utf8mb4 COLLATE=utf8mb4_unicode_ci;

--
-- Dumping data for table `job_batches`
--


--
-- Table structure for table `jobs`
--

CREATE TABLE `jobs` (
  `id` bigint unsigned NOT NULL AUTO_INCREMENT,
  `queue` varchar(255) COLLATE utf8mb4_unicode_ci NOT NULL,
  `payload` longtext COLLATE utf8mb4_unicode_ci NOT NULL,
  `attempts` tinyint unsigned NOT NULL,
  `reserved_at` int unsigned DEFAULT NULL,
  `available_at` int unsigned NOT NULL,
  `created_at` int unsigned NOT NULL,
  PRIMARY KEY (`id`),
  KEY `jobs_queue_index` (`queue`)
) ENGINE=InnoDB DEFAULT CHARSET=utf8mb4 COLLATE=utf8mb4_unicode_ci;

--
-- Dumping data for table `jobs`
--


--
-- Table structure for table `migrations`
--

CREATE TABLE `migrations` (
  `id` int unsigned NOT NULL AUTO_INCREMENT,
  `migration` varchar(255) COLLATE utf8mb4_unicode_ci NOT NULL,
  `batch` int NOT NULL,
  PRIMARY KEY (`id`)
) ENGINE=InnoDB AUTO_INCREMENT=19 DEFAULT CHARSET=utf8mb4 COLLATE=utf8mb4_unicode_ci;

--
-- Dumping data for table `migrations`
--

INSERT INTO `migrations` VALUES (1,'0001_01_01_000000_create_users_table',1),(2,'0001_01_01_000001_create_cache_table',1),(3,'0001_01_01_000002_create_jobs_table',1),(4,'2025_06_09_032518_create_organismos_table',1),(5,'2025_06_09_032518_create_tipo_solicitudes_table',1),(6,'2025_06_09_032520_create_solicitudes_table',1),(7,'2025_06_09_034403_create_gestiones_table',1),(8,'2025_07_01_000001_add_parent_id_to_organismos_table',1),(9,'2025_07_03_164939_add_gestion_fields_to_solicituds',1),(10,'2025_07_03_164939_add_user_fields_and_relations',1),(11,'2025_07_05_032326_add_uri_evidencia_to_solicitudes_table',1),(12,'2025_07_06_002434_add_observaciones_cierre_to_solicitudes_table',1),(13,'2025_06_08_213523_create_tickets_table',1),(14,'2025_06_09_032518_create_tipo_solicituds_table',1),(15,'2025_06_09_034403_create_gestions_table',1),(16,'2025_07_26_222835_add_codigo_seguimiento_and_archivos_cierre_to_solicitudes',1),(17,'2025_07_26_222938_add_archivos_adjuntos_to_gestiones',1);

--
-- Table structure for table `organismos`
--

CREATE TABLE `organismos` (
  `id` bigint unsigned NOT NULL AUTO_INCREMENT,
  `nombre` varchar(255) COLLATE utf8mb4_unicode_ci NOT NULL,
  `descripcion` varchar(255) COLLATE utf8mb4_unicode_ci DEFAULT NULL,
  `direccion` varchar(255) COLLATE utf8mb4_unicode_ci DEFAULT NULL,
  `telefono` varchar(255) COLLATE utf8mb4_unicode_ci DEFAULT NULL,
  `email` varchar(255) COLLATE utf8mb4_unicode_ci DEFAULT NULL,
  `parent_id` bigint unsigned DEFAULT NULL,
  `created_at` timestamp NULL DEFAULT NULL,
  `updated_at` timestamp NULL DEFAULT NULL,
  PRIMARY KEY (`id`),
  KEY `organismos_parent_id_foreign` (`parent_id`),
  CONSTRAINT `organismos_parent_id_foreign` FOREIGN KEY (`parent_id`) REFERENCES `organismos` (`id`) ON DELETE SET NULL
) ENGINE=InnoDB AUTO_INCREMENT=72 DEFAULT CHARSET=utf8mb4 COLLATE=utf8mb4_unicode_ci;

--
-- Dumping data for table `organismos`
--

INSERT INTO `organismos` VALUES (1,'Concejo Municipal',NULL,NULL,NULL,'secretaria@muniloncoche.cl',NULL,NULL,'2025-07-11 01:19:10'),(2,'COSOC',NULL,NULL,NULL,'secretaria@muniloncoche.cl',NULL,NULL,'2025-07-11 01:19:27'),(3,'Consejo de Seguridad Pública',NULL,NULL,NULL,'seguridadpublica@muniloncoche.cl',NULL,NULL,'2025-07-11 01:20:16'),(4,'Alcaldía',NULL,NULL,NULL,'alcaldia@muniloncoche.cl',NULL,NULL,'2025-07-11 01:20:32'),(5,'Administración',NULL,NULL,NULL,'administracion@muniloncoche.cl',NULL,NULL,'2025-07-11 01:21:43'),(6,'Juzgado de Policía Local',NULL,NULL,NULL,'juzpol@muniloncoche.cl',NULL,NULL,'2025-07-11 01:31:15'),(7,'Dirección de Obras',NULL,NULL,NULL,'dom@muniloncoche.cl',NULL,NULL,'2025-07-11 01:31:47'),(8,'Tránsito y Transporte Público',NULL,NULL,NULL,'transito@muniloncoche.cl',NULL,NULL,'2025-07-11 01:36:21'),(9,'Secretaría Municipal',NULL,NULL,NULL,'secretaria@muniloncoche.cl',NULL,NULL,'2025-07-11 01:39:06'),(10,'Control Interno',NULL,NULL,NULL,'control@muniloncoche.cl',NULL,NULL,'2025-07-11 01:40:04'),(11,'Seguridad Pública',NULL,NULL,NULL,'seguridadpublica@muniloncoche.cl',NULL,NULL,'2025-07-11 16:34:56'),(12,'Administración y Finanzas',NULL,NULL,NULL,'daf@muniloncoche.cl',NULL,NULL,'2025-07-11 16:37:09'),(13,'Secretaría Comunal de Planificación',NULL,NULL,NULL,'enavarro@muniloncoche.cl',NULL,NULL,'2025-07-11 16:40:30'),(14,'Dirección de Desarrollo Local',NULL,NULL,NULL,'jvergara@muniloncoche.cl',NULL,NULL,'2025-07-11 16:47:19'),(15,'Medio Ambiente',NULL,NULL,NULL,'dimao@muniloncoche.cl',NULL,NULL,'2025-07-11 16:57:06'),(16,'Aseo y Ornato',NULL,NULL,NULL,'dimao@muniloncoche.cl',NULL,NULL,'2025-07-11 16:57:44'),(17,'Dirección de Desarrollo Comunitario',NULL,NULL,NULL,'dideco@muniloncoche.cl',NULL,NULL,'2025-07-11 16:58:22'),(18,'Gabinete',NULL,NULL,NULL,'gabinete@muniloncoche.cl',4,NULL,'2025-07-11 01:21:04'),(19,'Comunicaciones',NULL,NULL,NULL,'comunicaciones@muniloncoche.cl',4,NULL,'2025-07-11 01:21:25'),(20,'Asesoría Jurídica',NULL,NULL,NULL,'administracion@muniloncoche.cl',5,NULL,'2025-07-11 01:22:28'),(21,'Departamento Eléctrico',NULL,NULL,NULL,'vmartinez@muniloncoche.cl',5,NULL,'2025-07-11 01:24:30'),(22,'Parque Automotriz',NULL,NULL,NULL,'administracion@muniloncoche.cl',5,NULL,'2025-07-11 01:25:07'),(23,'Departamento de Operaciones',NULL,NULL,NULL,'operaciones@muniloncoche.cl',5,NULL,'2025-07-11 01:27:55'),(24,'Departamento de TI y Transformación Digital',NULL,NULL,NULL,'avillalon@muniloncoche.cl',5,NULL,'2025-07-11 01:29:26'),(25,'Fiscalización',NULL,NULL,NULL,'dom@muniloncoche.cl',7,NULL,'2025-07-11 01:33:36'),(26,'Obras Viales y Fluviales',NULL,NULL,NULL,'dom@muniloncoche.cl',7,NULL,'2025-07-11 01:34:05'),(27,'Cementerio',NULL,NULL,NULL,'dom@muniloncoche.cl',7,NULL,'2025-07-11 01:34:34'),(28,'Licencias de Conducir',NULL,NULL,NULL,'licencias@muniloncoche.cl',8,NULL,'2025-07-11 01:37:36'),(29,'Permisos de Circulación',NULL,NULL,NULL,'permisos@muniloncoche.cl',8,NULL,'2025-07-11 01:38:43'),(30,'OIRS',NULL,NULL,NULL,'oirs@muniloncoche.cl',9,NULL,'2025-07-11 01:39:38'),(31,'Auditorías',NULL,NULL,NULL,'control@muniloncoche.cl',10,NULL,'2025-07-11 01:40:30'),(32,'Gestión de Riesgos y Desastres',NULL,NULL,NULL,'seguridadpublica@muniloncoche.cl',11,NULL,'2025-07-11 16:35:27'),(33,'Fiscalización',NULL,NULL,NULL,'seguridadpublica@muniloncoche.cl',11,NULL,'2025-07-11 16:35:51'),(34,'Oficina Prevención de Drogas y Alcohol',NULL,NULL,NULL,'previeneloncoche@muniloncoche.cl',11,NULL,'2025-07-11 16:36:39'),(35,'Personal, Remuneraciones y Bienestar Social',NULL,NULL,NULL,'personal@muniloncoche.cl',12,NULL,'2025-07-11 16:37:41'),(36,'Contabilidad',NULL,NULL,NULL,'jcgutierrez@muniloncoche.cl',12,NULL,'2025-07-11 16:38:04'),(37,'Tesorería Municipal',NULL,NULL,NULL,'gcarrasco@muniloncoche.cl',12,NULL,'2025-07-11 16:38:48'),(38,'Rentas y Patentes',NULL,NULL,NULL,'gvillena@muniloncoche.cl',12,NULL,'2025-07-11 16:39:14'),(39,'Abastecimiento, Bodega e Inventario',NULL,NULL,NULL,'mbarros@muniloncoche.cl',12,NULL,'2025-07-11 16:39:45'),(40,'Inversión Comunitaria',NULL,NULL,NULL,'enavarro@muniloncoche.cl',13,NULL,'2025-07-11 16:40:57'),(41,'Proyectos de Infraestructura y Equipamiento',NULL,NULL,NULL,'enavarro@muniloncoche.cl',13,NULL,'2025-07-11 16:41:31'),(42,'Agua Potable y Electrificación Rural',NULL,NULL,NULL,'enavarro@muniloncoche.cl',13,NULL,'2025-07-11 16:41:57'),(43,'Desarrollo Rural',NULL,NULL,NULL,'gsandoval@muniloncoche.cl',14,NULL,'2025-07-11 16:52:39'),(44,'Turismo',NULL,NULL,NULL,'turismo@muniloncoche.cl',14,NULL,'2025-07-11 16:53:02'),(45,'Centro de Emprendimiento',NULL,NULL,NULL,'jvergara@muniloncoche.cl',14,NULL,'2025-07-11 16:54:29'),(46,'OMIL',NULL,NULL,NULL,'omil@muniloncoche.cl',14,NULL,'2025-07-11 16:55:53'),(47,'Asuntos Indígenas',NULL,NULL,NULL,'jvergara@muniloncoche.cl',14,NULL,'2025-07-11 16:56:24'),(48,'Departamento de Promoción Comunitaria',NULL,NULL,NULL,'dideco@muniloncoche.cl',17,NULL,'2025-07-11 17:22:02'),(49,'Departamento Social',NULL,NULL,NULL,'social@muniloncoche.cl',17,NULL,'2025-07-11 17:22:43'),(50,'Unidad de Transparencia',NULL,NULL,NULL,'transparencia@muniloncoche.cl',24,NULL,'2025-07-11 01:30:05'),(51,'Unidad de Informática',NULL,NULL,NULL,'arivera@muniloncoche.cl',24,NULL,'2025-07-11 01:30:44'),(52,'Organizaciones Comunitarias',NULL,NULL,NULL,'dideco@muniloncoche.cl',48,NULL,'2025-07-11 17:23:29'),(53,'Participación Ciudadana',NULL,NULL,NULL,'dideco@muniloncoche.cl',48,NULL,'2025-07-11 17:23:58'),(54,'Oficina de la Mujer y Equidad',NULL,NULL,NULL,'dideco@muniloncoche.cl',48,NULL,'2025-07-11 17:24:30'),(55,'Oficina Discapacidad',NULL,NULL,NULL,'programadiscapacidad@muniloncoche.cl',48,NULL,'2025-07-11 17:25:42'),(56,'Oficina Niñez y Juventud',NULL,NULL,NULL,'dideco@muniloncoche.cl',48,NULL,'2025-07-11 17:26:10'),(57,'Cultura',NULL,NULL,NULL,'cultura@muniloncoche.cl',48,NULL,'2025-07-11 17:26:57'),(58,'Deportes',NULL,NULL,NULL,'oficinadeportes@muniloncoche.cl',48,NULL,'2025-07-11 17:27:40'),(59,'Beneficios Económicos',NULL,NULL,NULL,'dideco@muniloncoche.cl',49,NULL,'2025-07-11 17:29:30'),(60,'Ayudas Sociales',NULL,NULL,NULL,'dideco@muniloncoche.cl',49,NULL,'2025-07-11 17:30:08'),(61,'Registro Social de Hogares',NULL,NULL,NULL,'dideco@muniloncoche.cl',49,NULL,'2025-07-11 17:30:32'),(62,'Casos Sociosanitarios',NULL,NULL,NULL,'dideco@muniloncoche.cl',49,NULL,'2025-07-11 17:30:59'),(63,'Vivienda y Mejoramiento de Vivienda',NULL,NULL,NULL,'dideco@muniloncoche.cl',49,NULL,'2025-07-11 17:31:25'),(64,'Programas Sociales',NULL,NULL,NULL,'dideco@muniloncoche.cl',49,NULL,'2025-07-11 17:31:48'),(65,'Programa Familias - FOSIS',NULL,NULL,NULL,'dideco@muniloncoche.cl',49,NULL,'2025-07-11 17:32:31'),(66,'Programa Vínculos',NULL,NULL,NULL,'dideco@muniloncoche.cl',49,NULL,'2025-07-11 17:32:59'),(67,'Personas Mayores ELEAM',NULL,NULL,NULL,'dideco@muniloncoche.cl',49,NULL,'2025-07-11 17:33:26'),(68,'Programa Autoconsumo',NULL,NULL,NULL,'dideco@muniloncoche.cl',49,NULL,'2025-07-11 17:33:59'),(69,'Biblioteca Municipal',NULL,NULL,NULL,'dideco@muniloncoche.cl',57,NULL,'2025-07-11 17:28:12'),(70,'Museo Municipal',NULL,NULL,NULL,'dideco@muniloncoche.cl',57,NULL,'2025-07-11 17:28:36'),(71,'Recintos Deportivos',NULL,NULL,NULL,'oficinadeportes@muniloncoche.cl',58,NULL,'2025-07-11 17:29:04');

--
-- Table structure for table `sessions`
--

CREATE TABLE `sessions` (
  `id` varchar(255) COLLATE utf8mb4_unicode_ci NOT NULL,
  `user_id` bigint unsigned DEFAULT NULL,
  `ip_address` varchar(45) COLLATE utf8mb4_unicode_ci DEFAULT NULL,
  `user_agent` text COLLATE utf8mb4_unicode_ci,
  `payload` longtext COLLATE utf8mb4_unicode_ci NOT NULL,
  `last_activity` int NOT NULL,
  PRIMARY KEY (`id`),
  KEY `sessions_user_id_index` (`user_id`),
  KEY `sessions_last_activity_index` (`last_activity`)
) ENGINE=InnoDB DEFAULT CHARSET=utf8mb4 COLLATE=utf8mb4_unicode_ci;

--
-- Dumping data for table `sessions`
--


--
-- Table structure for table `solicitudes`
--

CREATE TABLE `solicitudes` (
  `id` bigint unsigned NOT NULL AUTO_INCREMENT,
  `tipo_solicitud_id` bigint unsigned NOT NULL,
  `organismo_requeridor_id` bigint unsigned NOT NULL,
  `notificacion` tinyint(1) NOT NULL,
  `detalle_solicitud` text COLLATE utf8mb4_unicode_ci NOT NULL,
  `fecha_solicitud` date NOT NULL,
  `observaciones` text COLLATE utf8mb4_unicode_ci,
  `uri_evidencia` varchar(255) COLLATE utf8mb4_unicode_ci DEFAULT NULL,
  `nombres` varchar(255) COLLATE utf8mb4_unicode_ci NOT NULL,
  `apellido_paterno` varchar(255) COLLATE utf8mb4_unicode_ci NOT NULL,
  `apellido_materno` varchar(255) COLLATE utf8mb4_unicode_ci DEFAULT NULL,
  `nacionalidad` varchar(255) COLLATE utf8mb4_unicode_ci DEFAULT NULL,
  `pais_residencia` varchar(255) COLLATE utf8mb4_unicode_ci DEFAULT NULL,
  `calle` varchar(255) COLLATE utf8mb4_unicode_ci DEFAULT NULL,
  `numero` varchar(255) COLLATE utf8mb4_unicode_ci DEFAULT NULL,
  `villa` varchar(255) COLLATE utf8mb4_unicode_ci DEFAULT NULL,
  `comuna` varchar(255) COLLATE utf8mb4_unicode_ci DEFAULT NULL,
  `telefono` varchar(255) COLLATE utf8mb4_unicode_ci DEFAULT NULL,
  `email` varchar(255) COLLATE utf8mb4_unicode_ci NOT NULL,
  `tipo_zona` varchar(255) COLLATE utf8mb4_unicode_ci DEFAULT NULL,
  `educacion` varchar(255) COLLATE utf8mb4_unicode_ci DEFAULT NULL,
  `edad` varchar(255) COLLATE utf8mb4_unicode_ci DEFAULT NULL,
  `ocupacion` varchar(255) COLLATE utf8mb4_unicode_ci DEFAULT NULL,
  `genero` varchar(255) COLLATE utf8mb4_unicode_ci DEFAULT NULL,
  `organizacion` tinyint(1) DEFAULT NULL,
  `apoderado` tinyint(1) DEFAULT NULL,
  `usuario_respuesta` varchar(255) COLLATE utf8mb4_unicode_ci DEFAULT NULL,
  `estado` varchar(255) COLLATE utf8mb4_unicode_ci NOT NULL DEFAULT 'pendiente',
  `created_at` timestamp NULL DEFAULT NULL,
  `updated_at` timestamp NULL DEFAULT NULL,
  `gestor_id` bigint unsigned DEFAULT NULL,
  `fecha_asignacion` timestamp NULL DEFAULT NULL,
  `fecha_cierre` timestamp NULL DEFAULT NULL,
  `observaciones_cierre` text COLLATE utf8mb4_unicode_ci,
  `tiempo_limite_horas` int DEFAULT NULL,
  PRIMARY KEY (`id`),
  KEY `solicitudes_tipo_solicitud_id_foreign` (`tipo_solicitud_id`),
  KEY `solicitudes_organismo_requeridor_id_foreign` (`organismo_requeridor_id`),
  KEY `solicitudes_gestor_id_foreign` (`gestor_id`),
  CONSTRAINT `solicitudes_gestor_id_foreign` FOREIGN KEY (`gestor_id`) REFERENCES `users` (`id`),
  CONSTRAINT `solicitudes_organismo_requeridor_id_foreign` FOREIGN KEY (`organismo_requeridor_id`) REFERENCES `organismos` (`id`),
  CONSTRAINT `solicitudes_tipo_solicitud_id_foreign` FOREIGN KEY (`tipo_solicitud_id`) REFERENCES `tipo_solicitudes` (`id`)
) ENGINE=InnoDB AUTO_INCREMENT=8 DEFAULT CHARSET=utf8mb4 COLLATE=utf8mb4_unicode_ci;

--
-- Dumping data for table `solicitudes`
--

INSERT INTO `solicitudes` VALUES (1,1,1,1,'Esta es una felicitacion','2025-07-09','y esta es una observacion',NULL,'rosario','herrera','tapia',NULL,'Chile','los carrera','2456','los copihues','Loncoche','987878765','gustavogarrido5@gmail.com','Urbana','Universitaria','32',NULL,NULL,NULL,NULL,NULL,'en_gestion','2025-07-09 23:15:36','2025-07-09 23:53:56',2,'2025-07-09 23:53:56',NULL,NULL,NULL),(2,4,47,1,'detalle del reclamo','2025-07-09',NULL,NULL,'Alejandro','sdgasdfg','dsaxzfsadf',NULL,'Chile','sadf asdf','asdf asdf',NULL,'Loncoche','354324354','avillalon@muniloncoche.cl','Urbana',NULL,'75','Estudiante',NULL,NULL,NULL,NULL,'en_gestion','2025-07-10 00:11:18','2025-07-10 00:15:48',2,'2025-07-10 00:15:48',NULL,NULL,NULL),(3,1,3,1,'felicitaciones por gestion','2025-07-11','hicieron una gran gestion','/home/muniloncochedigi/public_html/siac_proyecto/storage/evidencias/3','santiago','garrido','sanchez',NULL,'Chile','los carrera','2347','los cardos','Loncoche','978457896','gustavogarrido5@gmail.com','Urbana','Universitaria','27','Trabajador Dependiente','Masculino',NULL,NULL,NULL,'cerrada','2025-07-11 10:12:37','2025-07-12 09:08:30',1,'2025-07-11 10:12:51','2025-07-12 09:08:30','Cierre de prueba',NULL),(4,2,1,1,'fecha de concierto','2025-07-13','necesito informacion para la compra de entradas',NULL,'jose','herrera','bustos',NULL,'Chile','los acacios','4558','los nativos','Loncoche','987458789','gustavogarrido5@gmail.com','Urbana','Técnica','43',NULL,NULL,NULL,NULL,NULL,'cerrada','2025-07-13 09:22:32','2025-07-15 23:16:34',2,'2025-07-15 23:15:06','2025-07-15 23:16:34','aca el texto del cuadro cerrar solicitud',NULL),(5,2,1,1,'fecha de concierto','2025-07-13','necesito informacion para la compra de entradas',NULL,'jose','herrera','bustos',NULL,'Chile','los acacios','4558','los nativos','Loncoche','987458789','gustavogarrido5@gmail.com','Urbana','Técnica','43',NULL,NULL,NULL,NULL,NULL,'pendiente','2025-07-13 09:22:42','2025-07-13 09:22:42',NULL,NULL,NULL,NULL,NULL),(6,1,21,1,'esta es una prueba de correo','2025-07-13','veremos si sistemas sirve','/home/muniloncochedigi/public_html/siac_proyecto/storage/evidencias/6','roger','ramirez','herrera',NULL,'Chile','los sauces','4578','bonilla','Loncoche','945125425','gustavogarrido5@gmail.com',NULL,NULL,NULL,NULL,NULL,NULL,NULL,NULL,'pendiente','2025-07-14 00:27:07','2025-07-14 00:27:07',NULL,NULL,NULL,NULL,NULL),(7,1,1,1,'esta es la prueba de correo','2025-07-14','luego de la configuracion',NULL,'jose','ramirez','bustos',NULL,'Chile','los acacios','4558','bonilla','Loncoche','945125425','gustavogarrido5@gmail.com',NULL,NULL,NULL,NULL,NULL,NULL,NULL,NULL,'pendiente','2025-07-14 05:57:13','2025-07-14 05:57:13',NULL,NULL,NULL,NULL,NULL);

--
-- Table structure for table `tipo_solicitudes`
--

CREATE TABLE `tipo_solicitudes` (
  `id` bigint unsigned NOT NULL AUTO_INCREMENT,
  `denominacion` varchar(255) COLLATE utf8mb4_unicode_ci NOT NULL,
  `descripcion` varchar(255) COLLATE utf8mb4_unicode_ci DEFAULT NULL,
  `activo` tinyint(1) NOT NULL DEFAULT '1',
  `created_at` timestamp NULL DEFAULT NULL,
  `updated_at` timestamp NULL DEFAULT NULL,
  PRIMARY KEY (`id`),
  UNIQUE KEY `tipo_solicitudes_denominacion_unique` (`denominacion`)
) ENGINE=InnoDB AUTO_INCREMENT=7 DEFAULT CHARSET=utf8mb4 COLLATE=utf8mb4_unicode_ci;

--
-- Dumping data for table `tipo_solicitudes`
--

INSERT INTO `tipo_solicitudes` VALUES (1,'Felicitaciones','Solicitud que tiene como finalidad destacar la buena labor de personas o instituciones.',1,'2025-07-09 20:25:53','2025-07-09 20:25:53'),(2,'Consulta',NULL,1,'2025-07-09 23:48:24','2025-07-09 23:48:24'),(3,'Opinión',NULL,1,'2025-07-09 23:48:41','2025-07-09 23:48:41'),(4,'Reclamo',NULL,1,'2025-07-09 23:48:50','2025-07-09 23:48:50'),(5,'Petición',NULL,1,'2025-07-09 23:49:08','2025-07-09 23:49:08'),(6,'Sugerencia',NULL,1,'2025-07-09 23:49:34','2025-07-09 23:49:34');


